{"id":323,"date":"2014-08-02T12:15:15","date_gmt":"2014-08-02T10:15:15","guid":{"rendered":"http:\/\/www.desercik.pl\/tribal-wars-2\/?page_id=323"},"modified":"2014-08-05T00:16:33","modified_gmt":"2014-08-04T22:16:33","slug":"plemie-sojusz","status":"publish","type":"page","link":"https:\/\/www.desercik.pl\/tribal-wars-2\/plemie-sojusz\/","title":{"rendered":"Plemi\u0119"},"content":{"rendered":"<h2><span id=\"Finding_a_tribe\">Jak szuka\u0107 plemienia?<\/span><\/h2>\n<p>Zaleca si\u0119, aby ka\u017cdy do\u0142\u0105czy\u0142 do plemienia tak szybko jak to tylko mo\u017cliwe, ju\u017c na samym starcie gry. Je\u015bli nie ma takiej mo\u017cliwo\u015bci to warto pomy\u015ble\u0107 nad za\u0142o\u017ceniem w\u0142asnego, ale dla graczy kt\u00f3rzy pierwszy raz maj\u0105 styczno\u015b\u0107 z Tribal Wars 2 nie polecam tego drugiego rozwi\u0105zania.<\/p>\n<p>Aby do\u0142\u0105czy\u0107 do sojuszu (plemienia) musimy czeka\u0107 na zaproszenie, albo bezpo\u015brednio w profilu wybranej grupy z\u0142o\u017cy\u0107 swoj\u0105 aplikacj\u0119. Niekiedy niekt\u00f3re plemienia wy\u0142\u0105czaj\u0105 mo\u017cliwo\u015b\u0107 aplikacji, wi\u0119c w tym momencie mo\u017cna napisa\u0107 prywatn\u0105 wiadomo\u015b\u0107 do lidera sojuszu i czeka\u0107 a\u017c nas zaprosi, albo i nie. Wymagania s\u0105 r\u00f3\u017cne i je\u015bli ich nie spe\u0142niacie (znajdziecie je w opisie sojuszu) to lepiej nie aplikowa\u0107, szkoda waszego czasu.<\/p>\n<h2>Jak odej\u015b\u0107 z sojuszu?<\/h2>\n<p>Mo\u017ce si\u0119 tak zdarzy\u0107, \u017ce plemi\u0119 do kt\u00f3rego do\u0142\u0105czyli\u015bmy nie spe\u0142nia naszych wymaga\u0144 i zechcemy po prostu z niego odej\u015b\u0107. To normalna sytuacja i raczej nikt nie b\u0119dzie wyci\u0105ga\u0142 za to \u017cadnych konsekwencji, no chyba \u017ce powodem odej\u015bcia do innego plemienia by\u0142a zdrada.<\/p>\n<p>Aby odej\u015b\u0107 klikamy najpierw na ikon\u0119:<\/p>\n<p><a href=\"https:\/\/www.desercik.pl\/tribal-wars-2\/wp-content\/uploads\/2014\/08\/Ikona-plemienia.jpg\"><img loading=\"lazy\" decoding=\"async\" class=\"wp-image-324 size-full aligncenter\" title=\"Ikona plemienia\" src=\"https:\/\/www.desercik.pl\/tribal-wars-2\/wp-content\/uploads\/2014\/08\/Ikona-plemienia.jpg\" alt=\"Ikona plemienia\" width=\"81\" height=\"51\" \/><\/a><\/p>\n<p>&nbsp;<\/p>\n<p>A nast\u0119pnie wybieramy w oknie plemienia zak\u0142adk\u0119 &#8222;Profil&#8221;:<\/p>\n<p><img loading=\"lazy\" decoding=\"async\" class=\"aligncenter\" src=\"https:\/\/www.desercik.pl\/tribal-wars-2\/wp-content\/uploads\/2014\/08\/profil-plemienia.jpg\" alt=\"profil plemienia\" width=\"683\" height=\"437\" \/><\/p>\n<p>Jest to druga, licz\u0105c od lewej strony zak\u0142adka. Jak wida\u0107 na oknie powy\u017cej mamy przycisk <strong>&#8222;Opu\u015b\u0107 sojusz&#8221;<\/strong> &#8211; po jego klikni\u0119ciu b\u0119dziemy jedynie musieli potwierdzi\u0107 akcj\u0119 i gotowe.<\/p>\n<p><strong>Nie mo\u017cna odej\u015b\u0107 z plemienia<\/strong> je\u015bli jest si\u0119 jego za\u0142o\u017cycielem. Aby to zrobi\u0107 musimy przekaza\u0107 prawa innemu cz\u0142onkowi i dopiero wtedy wykona\u0107 operacje jak powy\u017cej.<\/p>\n<h2>Prawa plemienne<\/h2>\n<p>W konfiguracji plemienia znajdziemy wiele liczb i przywilej\u00f3w. Mamy na pocz\u0105tku standardowe opcj\u0119 jak Lider, Dyplomata czy Moderator Forum.<\/p>\n<p>Wykaz praw plemienia:<\/p>\n<table>\n<tbody>\n<tr>\n<td style=\"text-align: center;\"><strong>Ikona<\/strong><\/td>\n<td style=\"text-align: center;\"><strong>Opis<\/strong><\/td>\n<\/tr>\n<tr>\n<td><img loading=\"lazy\" decoding=\"async\" src=\"https:\/\/www.desercik.pl\/tribal-wars-2\/wp-content\/uploads\/2014\/08\/News_events.png\" alt=\"News events.png\" width=\"55\" height=\"49\" \/><\/td>\n<td>Gracz mo\u017ce administrowa\u0107 wiadomo\u015bciami i wydarzeniami.<\/td>\n<\/tr>\n<tr>\n<td><img loading=\"lazy\" decoding=\"async\" src=\"https:\/\/www.desercik.pl\/tribal-wars-2\/wp-content\/uploads\/2014\/08\/Edit_profile.png\" alt=\"Edit profile.png\" width=\"54\" height=\"48\" \/><\/td>\n<td>Gracz mo\u017ce zmienia\u0107 profil sojuszu, znak, opis i inne informacje.<\/td>\n<\/tr>\n<tr>\n<td><img loading=\"lazy\" decoding=\"async\" src=\"https:\/\/www.desercik.pl\/tribal-wars-2\/wp-content\/uploads\/2014\/08\/Edit_members.png\" alt=\"Edit members.png\" width=\"57\" height=\"55\" \/><\/td>\n<td>Gracz mo\u017ce zarz\u0105dza\u0107 wszystkimi cz\u0142onkami, usuwa\u0107 ich etc.<\/td>\n<\/tr>\n<tr>\n<td><img loading=\"lazy\" decoding=\"async\" src=\"https:\/\/www.desercik.pl\/tribal-wars-2\/wp-content\/uploads\/2014\/08\/Recruiter.png\" alt=\"Recruiter.png\" width=\"57\" height=\"53\" \/><\/td>\n<td>Gracz mo\u017ce zaprasza\u0107 nowych cz\u0142onk\u00f3w do sojuszu. Akceptowa\u0107 i odrzuca\u0107 aplikacje.<\/td>\n<\/tr>\n<tr>\n<td><img loading=\"lazy\" decoding=\"async\" src=\"https:\/\/www.desercik.pl\/tribal-wars-2\/wp-content\/uploads\/2014\/08\/Edit_noble_planner.png\" alt=\"Edit noble planner.png\" width=\"52\" height=\"51\" \/><\/td>\n<td>Pozwala zmienia\u0107 ustawienia &#8222;noble plannera&#8221;.<\/td>\n<\/tr>\n<tr>\n<td><img loading=\"lazy\" decoding=\"async\" src=\"https:\/\/www.desercik.pl\/tribal-wars-2\/wp-content\/uploads\/2014\/08\/Edit_diplomacy.png\" alt=\"Edit diplomacy.png\" width=\"58\" height=\"56\" \/><\/td>\n<td>Pozwala graczom administrowa\u0107 dyplomacj\u0105 z innymi sojuszami. Dyplomata nie ma mo\u017cliwo\u015bci wywo\u0142ywania wojen.<\/td>\n<\/tr>\n<tr>\n<td><img loading=\"lazy\" decoding=\"async\" src=\"https:\/\/www.desercik.pl\/tribal-wars-2\/wp-content\/uploads\/2014\/08\/Edit_wars.png\" alt=\"Edit wars.png\" width=\"55\" height=\"53\" \/><\/td>\n<td>Pozwala wywo\u0142a\u0107 wojn\u0119 z innym plemieniem, a tak\u017ce mo\u017cna zaprasza\u0107 inne sojusze do przyst\u0105pienia do wsp\u00f3lnej walki przeciwko jednego wrogowi.<\/td>\n<\/tr>\n<tr>\n<td><img loading=\"lazy\" decoding=\"async\" src=\"https:\/\/www.desercik.pl\/tribal-wars-2\/wp-content\/uploads\/2014\/08\/Admin_forum.png\" alt=\"Admin forum.png\" width=\"53\" height=\"48\" \/><\/td>\n<td>Moderator forum plemienia pozwala kontrolowa\u0107 nam wszystko co dzieje si\u0119 z obecnymi i przysz\u0142ymi w\u0105tkami.<\/td>\n<\/tr>\n<tr>\n<td><img loading=\"lazy\" decoding=\"async\" src=\"https:\/\/www.desercik.pl\/tribal-wars-2\/wp-content\/uploads\/2014\/08\/Edit_quests.png\" alt=\"Edit quests.png\" width=\"63\" height=\"52\" \/><\/td>\n<td>Zarz\u0105dzania zadaniami sojuszu. Pozwala graczowi zarz\u0105dza\u0107 wszystkimi zadaniami plemienia, ale wi\u0119cej informacji o tej funkcji pojawi si\u0119 w przysz\u0142o\u015bci.<\/td>\n<\/tr>\n<tr>\n<td><img loading=\"lazy\" decoding=\"async\" src=\"https:\/\/www.desercik.pl\/tribal-wars-2\/wp-content\/uploads\/2014\/08\/Edit_tribe.png\" alt=\"Edit tribe.png\" width=\"56\" height=\"69\" \/><\/td>\n<td>Edycja ustawie\u0144 plemienia.<\/td>\n<\/tr>\n<\/tbody>\n<\/table>\n<p><strong><span style=\"color: #ff0000;\">Uwaga:<\/span> <\/strong>Nie nadawajcie praw graczom na lewo i prawo dop\u00f3ki nie b\u0119dzie mocnych przes\u0142anek, aby im zaufa\u0107.<\/p>\n","protected":false},"excerpt":{"rendered":"<p>Jak szuka\u0107 plemienia? Zaleca si\u0119, aby ka\u017cdy do\u0142\u0105czy\u0142 do plemienia tak szybko jak to tylko mo\u017cliwe, ju\u017c na samym starcie gry. Je\u015bli nie ma takiej mo\u017cliwo\u015bci to warto pomy\u015ble\u0107 nad za\u0142o\u017ceniem w\u0142asnego, ale dla graczy kt\u00f3rzy pierwszy raz maj\u0105 styczno\u015b\u0107&hellip; <a href=\"https:\/\/www.desercik.pl\/tribal-wars-2\/plemie-sojusz\/\" class=\"more-link\">Continue Reading <span class=\"meta-nav\">&rarr;<\/span><\/a><\/p>\n","protected":false},"author":1,"featured_media":0,"parent":0,"menu_order":0,"comment_status":"open","ping_status":"open","template":"","meta":{"footnotes":""},"class_list":["post-323","page","type-page","status-publish","hentry"],"yoast_head":"<!-- This site is optimized with the Yoast SEO plugin v27.3 - https:\/\/yoast.com\/product\/yoast-seo-wordpress\/ -->\n<title>Plemi\u0119 - Plemiona 2 - Tribal Wars 2<\/title>\n<meta name=\"robots\" content=\"index, follow, max-snippet:-1, max-image-preview:large, max-video-preview:-1\" \/>\n<link rel=\"canonical\" href=\"https:\/\/www.desercik.pl\/tribal-wars-2\/plemie-sojusz\/\" \/>\n<meta property=\"og:locale\" content=\"pl_PL\" \/>\n<meta property=\"og:type\" content=\"article\" \/>\n<meta property=\"og:title\" content=\"Plemi\u0119 - Plemiona 2 - Tribal Wars 2\" \/>\n<meta property=\"og:description\" content=\"Jak szuka\u0107 plemienia? Zaleca si\u0119, aby ka\u017cdy do\u0142\u0105czy\u0142 do plemienia tak szybko jak to tylko mo\u017cliwe, ju\u017c na samym starcie gry. Je\u015bli nie ma takiej mo\u017cliwo\u015bci to warto pomy\u015ble\u0107 nad za\u0142o\u017ceniem w\u0142asnego, ale dla graczy kt\u00f3rzy pierwszy raz maj\u0105 styczno\u015b\u0107&hellip; Continue Reading &rarr;\" \/>\n<meta property=\"og:url\" content=\"https:\/\/www.desercik.pl\/tribal-wars-2\/plemie-sojusz\/\" \/>\n<meta property=\"og:site_name\" content=\"Plemiona 2\" \/>\n<meta property=\"article:modified_time\" content=\"2014-08-04T22:16:33+00:00\" \/>\n<meta property=\"og:image\" content=\"https:\/\/www.desercik.pl\/tribal-wars-2\/wp-content\/uploads\/2014\/08\/Ikona-plemienia.jpg\" \/>\n\t<meta property=\"og:image:width\" content=\"81\" \/>\n\t<meta property=\"og:image:height\" content=\"51\" \/>\n\t<meta property=\"og:image:type\" content=\"image\/jpeg\" \/>\n<meta name=\"twitter:label1\" content=\"Szacowany czas czytania\" \/>\n\t<meta name=\"twitter:data1\" content=\"2 minuty\" \/>\n<script type=\"application\/ld+json\" class=\"yoast-schema-graph\">{\"@context\":\"https:\\\/\\\/schema.org\",\"@graph\":[{\"@type\":\"WebPage\",\"@id\":\"https:\\\/\\\/www.desercik.pl\\\/tribal-wars-2\\\/plemie-sojusz\\\/\",\"url\":\"https:\\\/\\\/www.desercik.pl\\\/tribal-wars-2\\\/plemie-sojusz\\\/\",\"name\":\"Plemi\u0119 - Plemiona 2 - Tribal Wars 2\",\"isPartOf\":{\"@id\":\"https:\\\/\\\/www.desercik.pl\\\/tribal-wars-2\\\/#website\"},\"primaryImageOfPage\":{\"@id\":\"https:\\\/\\\/www.desercik.pl\\\/tribal-wars-2\\\/plemie-sojusz\\\/#primaryimage\"},\"image\":{\"@id\":\"https:\\\/\\\/www.desercik.pl\\\/tribal-wars-2\\\/plemie-sojusz\\\/#primaryimage\"},\"thumbnailUrl\":\"https:\\\/\\\/www.desercik.pl\\\/tribal-wars-2\\\/wp-content\\\/uploads\\\/2014\\\/08\\\/Ikona-plemienia.jpg\",\"datePublished\":\"2014-08-02T10:15:15+00:00\",\"dateModified\":\"2014-08-04T22:16:33+00:00\",\"breadcrumb\":{\"@id\":\"https:\\\/\\\/www.desercik.pl\\\/tribal-wars-2\\\/plemie-sojusz\\\/#breadcrumb\"},\"inLanguage\":\"pl-PL\",\"potentialAction\":[{\"@type\":\"ReadAction\",\"target\":[\"https:\\\/\\\/www.desercik.pl\\\/tribal-wars-2\\\/plemie-sojusz\\\/\"]}]},{\"@type\":\"ImageObject\",\"inLanguage\":\"pl-PL\",\"@id\":\"https:\\\/\\\/www.desercik.pl\\\/tribal-wars-2\\\/plemie-sojusz\\\/#primaryimage\",\"url\":\"https:\\\/\\\/www.desercik.pl\\\/tribal-wars-2\\\/wp-content\\\/uploads\\\/2014\\\/08\\\/Ikona-plemienia.jpg\",\"contentUrl\":\"https:\\\/\\\/www.desercik.pl\\\/tribal-wars-2\\\/wp-content\\\/uploads\\\/2014\\\/08\\\/Ikona-plemienia.jpg\",\"width\":81,\"height\":51},{\"@type\":\"BreadcrumbList\",\"@id\":\"https:\\\/\\\/www.desercik.pl\\\/tribal-wars-2\\\/plemie-sojusz\\\/#breadcrumb\",\"itemListElement\":[{\"@type\":\"ListItem\",\"position\":1,\"name\":\"Strona g\u0142\u00f3wna\",\"item\":\"https:\\\/\\\/www.desercik.pl\\\/tribal-wars-2\\\/\"},{\"@type\":\"ListItem\",\"position\":2,\"name\":\"Plemi\u0119\"}]},{\"@type\":\"WebSite\",\"@id\":\"https:\\\/\\\/www.desercik.pl\\\/tribal-wars-2\\\/#website\",\"url\":\"https:\\\/\\\/www.desercik.pl\\\/tribal-wars-2\\\/\",\"name\":\"Plemiona 2\",\"description\":\"\",\"potentialAction\":[{\"@type\":\"SearchAction\",\"target\":{\"@type\":\"EntryPoint\",\"urlTemplate\":\"https:\\\/\\\/www.desercik.pl\\\/tribal-wars-2\\\/?s={search_term_string}\"},\"query-input\":{\"@type\":\"PropertyValueSpecification\",\"valueRequired\":true,\"valueName\":\"search_term_string\"}}],\"inLanguage\":\"pl-PL\"}]}<\/script>\n<!-- \/ Yoast SEO plugin. -->","yoast_head_json":{"title":"Plemi\u0119 - Plemiona 2 - Tribal Wars 2","robots":{"index":"index","follow":"follow","max-snippet":"max-snippet:-1","max-image-preview":"max-image-preview:large","max-video-preview":"max-video-preview:-1"},"canonical":"https:\/\/www.desercik.pl\/tribal-wars-2\/plemie-sojusz\/","og_locale":"pl_PL","og_type":"article","og_title":"Plemi\u0119 - Plemiona 2 - Tribal Wars 2","og_description":"Jak szuka\u0107 plemienia? Zaleca si\u0119, aby ka\u017cdy do\u0142\u0105czy\u0142 do plemienia tak szybko jak to tylko mo\u017cliwe, ju\u017c na samym starcie gry. Je\u015bli nie ma takiej mo\u017cliwo\u015bci to warto pomy\u015ble\u0107 nad za\u0142o\u017ceniem w\u0142asnego, ale dla graczy kt\u00f3rzy pierwszy raz maj\u0105 styczno\u015b\u0107&hellip; Continue Reading &rarr;","og_url":"https:\/\/www.desercik.pl\/tribal-wars-2\/plemie-sojusz\/","og_site_name":"Plemiona 2","article_modified_time":"2014-08-04T22:16:33+00:00","og_image":[{"width":81,"height":51,"url":"https:\/\/www.desercik.pl\/tribal-wars-2\/wp-content\/uploads\/2014\/08\/Ikona-plemienia.jpg","type":"image\/jpeg"}],"twitter_misc":{"Szacowany czas czytania":"2 minuty"},"schema":{"@context":"https:\/\/schema.org","@graph":[{"@type":"WebPage","@id":"https:\/\/www.desercik.pl\/tribal-wars-2\/plemie-sojusz\/","url":"https:\/\/www.desercik.pl\/tribal-wars-2\/plemie-sojusz\/","name":"Plemi\u0119 - Plemiona 2 - Tribal Wars 2","isPartOf":{"@id":"https:\/\/www.desercik.pl\/tribal-wars-2\/#website"},"primaryImageOfPage":{"@id":"https:\/\/www.desercik.pl\/tribal-wars-2\/plemie-sojusz\/#primaryimage"},"image":{"@id":"https:\/\/www.desercik.pl\/tribal-wars-2\/plemie-sojusz\/#primaryimage"},"thumbnailUrl":"https:\/\/www.desercik.pl\/tribal-wars-2\/wp-content\/uploads\/2014\/08\/Ikona-plemienia.jpg","datePublished":"2014-08-02T10:15:15+00:00","dateModified":"2014-08-04T22:16:33+00:00","breadcrumb":{"@id":"https:\/\/www.desercik.pl\/tribal-wars-2\/plemie-sojusz\/#breadcrumb"},"inLanguage":"pl-PL","potentialAction":[{"@type":"ReadAction","target":["https:\/\/www.desercik.pl\/tribal-wars-2\/plemie-sojusz\/"]}]},{"@type":"ImageObject","inLanguage":"pl-PL","@id":"https:\/\/www.desercik.pl\/tribal-wars-2\/plemie-sojusz\/#primaryimage","url":"https:\/\/www.desercik.pl\/tribal-wars-2\/wp-content\/uploads\/2014\/08\/Ikona-plemienia.jpg","contentUrl":"https:\/\/www.desercik.pl\/tribal-wars-2\/wp-content\/uploads\/2014\/08\/Ikona-plemienia.jpg","width":81,"height":51},{"@type":"BreadcrumbList","@id":"https:\/\/www.desercik.pl\/tribal-wars-2\/plemie-sojusz\/#breadcrumb","itemListElement":[{"@type":"ListItem","position":1,"name":"Strona g\u0142\u00f3wna","item":"https:\/\/www.desercik.pl\/tribal-wars-2\/"},{"@type":"ListItem","position":2,"name":"Plemi\u0119"}]},{"@type":"WebSite","@id":"https:\/\/www.desercik.pl\/tribal-wars-2\/#website","url":"https:\/\/www.desercik.pl\/tribal-wars-2\/","name":"Plemiona 2","description":"","potentialAction":[{"@type":"SearchAction","target":{"@type":"EntryPoint","urlTemplate":"https:\/\/www.desercik.pl\/tribal-wars-2\/?s={search_term_string}"},"query-input":{"@type":"PropertyValueSpecification","valueRequired":true,"valueName":"search_term_string"}}],"inLanguage":"pl-PL"}]}},"_links":{"self":[{"href":"https:\/\/www.desercik.pl\/tribal-wars-2\/wp-json\/wp\/v2\/pages\/323","targetHints":{"allow":["GET"]}}],"collection":[{"href":"https:\/\/www.desercik.pl\/tribal-wars-2\/wp-json\/wp\/v2\/pages"}],"about":[{"href":"https:\/\/www.desercik.pl\/tribal-wars-2\/wp-json\/wp\/v2\/types\/page"}],"author":[{"embeddable":true,"href":"https:\/\/www.desercik.pl\/tribal-wars-2\/wp-json\/wp\/v2\/users\/1"}],"replies":[{"embeddable":true,"href":"https:\/\/www.desercik.pl\/tribal-wars-2\/wp-json\/wp\/v2\/comments?post=323"}],"version-history":[{"count":0,"href":"https:\/\/www.desercik.pl\/tribal-wars-2\/wp-json\/wp\/v2\/pages\/323\/revisions"}],"wp:attachment":[{"href":"https:\/\/www.desercik.pl\/tribal-wars-2\/wp-json\/wp\/v2\/media?parent=323"}],"curies":[{"name":"wp","href":"https:\/\/api.w.org\/{rel}","templated":true}]}}