{"id":213,"date":"2014-07-31T23:07:02","date_gmt":"2014-07-31T21:07:02","guid":{"rendered":"http:\/\/www.desercik.pl\/tribal-wars-2\/?page_id=213"},"modified":"2014-07-31T23:07:53","modified_gmt":"2014-07-31T21:07:53","slug":"tartak-timber-camp","status":"publish","type":"page","link":"https:\/\/www.desercik.pl\/tribal-wars-2\/budynki-lista\/tartak-timber-camp\/","title":{"rendered":"Tartak (Timber Camp)"},"content":{"rendered":"<p>Tartak odpowiada za produkcje drewna w naszych osadach. Im wy\u017cszy jest jego poziom tym wi\u0119cej produkuje drewna na godzin\u0119. Produkcja trwa nawet jak nie jeste\u015bmy zalogowani do gry. Samo drewno u\u017cywane jest do budowy\/rozbudowy innych budynk\u00f3w jak i do treningu jednostek i bada\u0144.<\/p>\n<h3>Tabela prodykcyjna Tartaku<\/h3>\n<table class=\"tabela\">\n<tbody>\n<tr>\n<th>Poziom<\/th>\n<th><img loading=\"lazy\" decoding=\"async\" src=\"https:\/\/www.desercik.pl\/tribal-wars-2\/wp-content\/uploads\/2014\/07\/Wood.png\" alt=\"Wood.png\" width=\"44\" height=\"44\" \/><\/th>\n<th><img loading=\"lazy\" decoding=\"async\" src=\"https:\/\/www.desercik.pl\/tribal-wars-2\/wp-content\/uploads\/2014\/07\/Clay.png\" alt=\"Clay.png\" width=\"44\" height=\"44\" \/><\/th>\n<th><img loading=\"lazy\" decoding=\"async\" src=\"https:\/\/www.desercik.pl\/tribal-wars-2\/wp-content\/uploads\/2014\/07\/Iron.png\" alt=\"Iron.png\" width=\"44\" height=\"44\" \/><\/th>\n<th><img loading=\"lazy\" decoding=\"async\" src=\"https:\/\/www.desercik.pl\/tribal-wars-2\/wp-content\/uploads\/2014\/07\/Provisions.png\" alt=\"Provisions.png\" width=\"44\" height=\"44\" \/><\/th>\n<th>Punkty<\/th>\n<th>Produkcja na godzin\u0119<\/th>\n<th>Punkty \u017cycia<\/th>\n<\/tr>\n<tr>\n<td>1<\/td>\n<td>50<\/td>\n<td>60<\/td>\n<td>40<\/td>\n<td>5<\/td>\n<td>6<\/td>\n<td>100<\/td>\n<td>3<\/td>\n<\/tr>\n<tr>\n<td>2<\/td>\n<td>63<\/td>\n<td>77<\/td>\n<td>50<\/td>\n<td>6<\/td>\n<td>7<\/td>\n<td>112,44<\/td>\n<td>3<\/td>\n<\/tr>\n<tr>\n<td>3<\/td>\n<td>78<\/td>\n<td>98<\/td>\n<td>62<\/td>\n<td>7<\/td>\n<td>9<\/td>\n<td>126,44<\/td>\n<td>4<\/td>\n<\/tr>\n<tr>\n<td>4<\/td>\n<td>98<\/td>\n<td>124<\/td>\n<td>77<\/td>\n<td>8<\/td>\n<td>10<\/td>\n<td>142,17<\/td>\n<td>4<\/td>\n<\/tr>\n<tr>\n<td>5<\/td>\n<td>122<\/td>\n<td>159<\/td>\n<td>96<\/td>\n<td>9<\/td>\n<td>12<\/td>\n<td>159,86<\/td>\n<td>4<\/td>\n<\/tr>\n<tr>\n<td>6<\/td>\n<td>153<\/td>\n<td>202<\/td>\n<td>120<\/td>\n<td>10<\/td>\n<td>15<\/td>\n<td>179,76<\/td>\n<td>5<\/td>\n<\/tr>\n<tr>\n<td>7<\/td>\n<td>191<\/td>\n<td>258<\/td>\n<td>149<\/td>\n<td>12<\/td>\n<td>18<\/td>\n<td>202,12<\/td>\n<td>5<\/td>\n<\/tr>\n<tr>\n<td>8<\/td>\n<td>238<\/td>\n<td>329<\/td>\n<td>185<\/td>\n<td>14<\/td>\n<td>21<\/td>\n<td>227,28<\/td>\n<td>6<\/td>\n<\/tr>\n<tr>\n<td>9<\/td>\n<td>298<\/td>\n<td>419<\/td>\n<td>231<\/td>\n<td>16<\/td>\n<td>26<\/td>\n<td>255,56<\/td>\n<td>6<\/td>\n<\/tr>\n<tr>\n<td>10<\/td>\n<td>373<\/td>\n<td>534<\/td>\n<td>287<\/td>\n<td>18<\/td>\n<td>31<\/td>\n<td>287,36<\/td>\n<td>7<\/td>\n<\/tr>\n<tr>\n<td>11<\/td>\n<td>466<\/td>\n<td>681<\/td>\n<td>358<\/td>\n<td>21<\/td>\n<td>37<\/td>\n<td>323,12<\/td>\n<td>8<\/td>\n<\/tr>\n<tr>\n<td>12<\/td>\n<td>582<\/td>\n<td>868<\/td>\n<td>446<\/td>\n<td>24<\/td>\n<td>45<\/td>\n<td>363,33<\/td>\n<td>9<\/td>\n<\/tr>\n<tr>\n<td>13<\/td>\n<td>728<\/td>\n<td>1,107<\/td>\n<td>555<\/td>\n<td>28<\/td>\n<td>53<\/td>\n<td>408,54<\/td>\n<td>9<\/td>\n<\/tr>\n<tr>\n<td>14<\/td>\n<td>909<\/td>\n<td>1,412<\/td>\n<td>691<\/td>\n<td>33<\/td>\n<td>64<\/td>\n<td>459,38<\/td>\n<td>10<\/td>\n<\/tr>\n<tr>\n<td>15<\/td>\n<td>1,137<\/td>\n<td>1,800<\/td>\n<td>860<\/td>\n<td>38<\/td>\n<td>77<\/td>\n<td>516,54<\/td>\n<td>11<\/td>\n<\/tr>\n<tr>\n<td>16<\/td>\n<td>1,421<\/td>\n<td>2,295<\/td>\n<td>1,071<\/td>\n<td>43<\/td>\n<td>92<\/td>\n<td>580,82<\/td>\n<td>13<\/td>\n<\/tr>\n<tr>\n<td>17<\/td>\n<td>1,776<\/td>\n<td>2,926<\/td>\n<td>1,333<\/td>\n<td>50<\/td>\n<td>111<\/td>\n<td>653,1<\/td>\n<td>14<\/td>\n<\/tr>\n<tr>\n<td>18<\/td>\n<td>2,220<\/td>\n<td>3,731<\/td>\n<td>1,659<\/td>\n<td>58<\/td>\n<td>133<\/td>\n<td>734,17<\/td>\n<td>15<\/td>\n<\/tr>\n<tr>\n<td>19<\/td>\n<td>2,776<\/td>\n<td>4,757<\/td>\n<td>2,066<\/td>\n<td>67<\/td>\n<td>160<\/td>\n<td>825,76<\/td>\n<td>17<\/td>\n<\/tr>\n<tr>\n<td>20<\/td>\n<td>3,469<\/td>\n<td>6,065<\/td>\n<td>2,572<\/td>\n<td>77<\/td>\n<td>192<\/td>\n<td>928,52<\/td>\n<td>18<\/td>\n<\/tr>\n<tr>\n<td>21<\/td>\n<td>4,337<\/td>\n<td>7,733<\/td>\n<td>3,202<\/td>\n<td>89<\/td>\n<td>230<\/td>\n<td>1.044,06<\/td>\n<td>20<\/td>\n<\/tr>\n<tr>\n<td>22<\/td>\n<td>5,421<\/td>\n<td>9,860<\/td>\n<td>3,987<\/td>\n<td>103<\/td>\n<td>276<\/td>\n<td>1.173,98<\/td>\n<td>22<\/td>\n<\/tr>\n<tr>\n<td>23<\/td>\n<td>6,776<\/td>\n<td>12,571<\/td>\n<td>4,963<\/td>\n<td>119<\/td>\n<td>331<\/td>\n<td>1.320,07<\/td>\n<td>24<\/td>\n<\/tr>\n<tr>\n<td>24<\/td>\n<td>8,470<\/td>\n<td>16,028<\/td>\n<td>6,180<\/td>\n<td>138<\/td>\n<td>397<\/td>\n<td>1.484,34<\/td>\n<td>27<\/td>\n<\/tr>\n<tr>\n<td>25<\/td>\n<td>10,588<\/td>\n<td>20,436<\/td>\n<td>7,694<\/td>\n<td>159<\/td>\n<td>477<\/td>\n<td>1.669,06<\/td>\n<td>30<\/td>\n<\/tr>\n<tr>\n<td>26<\/td>\n<td>13,235<\/td>\n<td>26,056<\/td>\n<td>9,578<\/td>\n<td>183<\/td>\n<td>572<\/td>\n<td>1.876,75<\/td>\n<td>33<\/td>\n<\/tr>\n<tr>\n<td>27<\/td>\n<td>16,544<\/td>\n<td>33,221<\/td>\n<td>11,925<\/td>\n<td>212<\/td>\n<td>687<\/td>\n<td>2.110,30<\/td>\n<td>36<\/td>\n<\/tr>\n<tr>\n<td>28<\/td>\n<td>20,680<\/td>\n<td>42,357<\/td>\n<td>14,847<\/td>\n<td>245<\/td>\n<td>824<\/td>\n<td>2.372,90<\/td>\n<td>39<\/td>\n<\/tr>\n<tr>\n<td>29<\/td>\n<td>25,849<\/td>\n<td>54,005<\/td>\n<td>18,484<\/td>\n<td>283<\/td>\n<td>989<\/td>\n<td>2.668,19<\/td>\n<td>43<\/td>\n<\/tr>\n<tr>\n<td>30<\/td>\n<td>32,312<\/td>\n<td>68,857<\/td>\n<td>23,013<\/td>\n<td>326<\/td>\n<td>1,187<\/td>\n<td>3.000,21<\/td>\n<td>48<\/td>\n<\/tr>\n<\/tbody>\n<\/table>\n","protected":false},"excerpt":{"rendered":"<p>Tartak odpowiada za produkcje drewna w naszych osadach. Im wy\u017cszy jest jego poziom tym wi\u0119cej produkuje drewna na godzin\u0119. Produkcja trwa nawet jak nie jeste\u015bmy zalogowani do gry. Samo drewno u\u017cywane jest do budowy\/rozbudowy innych budynk\u00f3w jak i do treningu&hellip; <a href=\"https:\/\/www.desercik.pl\/tribal-wars-2\/budynki-lista\/tartak-timber-camp\/\" class=\"more-link\">Continue Reading <span class=\"meta-nav\">&rarr;<\/span><\/a><\/p>\n","protected":false},"author":1,"featured_media":0,"parent":175,"menu_order":0,"comment_status":"open","ping_status":"open","template":"","meta":{"footnotes":""},"class_list":["post-213","page","type-page","status-publish","hentry"],"yoast_head":"<!-- This site is optimized with the Yoast SEO plugin v27.3 - https:\/\/yoast.com\/product\/yoast-seo-wordpress\/ -->\n<title>Tartak (Timber Camp) - Plemiona 2 - Tribal Wars 2<\/title>\n<meta name=\"description\" content=\"Tartak odpowiada za produkcje drewna w naszych osadach. Im wy\u017cszy jest jego poziom tym wi\u0119cej produkuje drewna na godzin\u0119. Produkcja trwa nawet jak nie jeste\u015bmy zalogowani do gry. Samo drewno u\u017cywane jest do budowy\/rozbudowy innych budynk\u00f3w jak i do treningu jednostek i bada\u0144.\" \/>\n<meta name=\"robots\" content=\"index, follow, max-snippet:-1, max-image-preview:large, max-video-preview:-1\" \/>\n<link rel=\"canonical\" href=\"https:\/\/www.desercik.pl\/tribal-wars-2\/budynki-lista\/tartak-timber-camp\/\" \/>\n<meta property=\"og:locale\" content=\"pl_PL\" \/>\n<meta property=\"og:type\" content=\"article\" \/>\n<meta property=\"og:title\" content=\"Tartak (Timber Camp) - Plemiona 2 - Tribal Wars 2\" \/>\n<meta property=\"og:description\" content=\"Tartak odpowiada za produkcje drewna w naszych osadach. Im wy\u017cszy jest jego poziom tym wi\u0119cej produkuje drewna na godzin\u0119. Produkcja trwa nawet jak nie jeste\u015bmy zalogowani do gry. Samo drewno u\u017cywane jest do budowy\/rozbudowy innych budynk\u00f3w jak i do treningu jednostek i bada\u0144.\" \/>\n<meta property=\"og:url\" content=\"https:\/\/www.desercik.pl\/tribal-wars-2\/budynki-lista\/tartak-timber-camp\/\" \/>\n<meta property=\"og:site_name\" content=\"Plemiona 2\" \/>\n<meta property=\"article:modified_time\" content=\"2014-07-31T21:07:53+00:00\" \/>\n<meta property=\"og:image\" content=\"https:\/\/www.desercik.pl\/tribal-wars-2\/wp-content\/uploads\/2014\/07\/Wood.png\" \/>\n<script type=\"application\/ld+json\" class=\"yoast-schema-graph\">{\"@context\":\"https:\\\/\\\/schema.org\",\"@graph\":[{\"@type\":\"WebPage\",\"@id\":\"https:\\\/\\\/www.desercik.pl\\\/tribal-wars-2\\\/budynki-lista\\\/tartak-timber-camp\\\/\",\"url\":\"https:\\\/\\\/www.desercik.pl\\\/tribal-wars-2\\\/budynki-lista\\\/tartak-timber-camp\\\/\",\"name\":\"Tartak (Timber Camp) - Plemiona 2 - Tribal Wars 2\",\"isPartOf\":{\"@id\":\"https:\\\/\\\/www.desercik.pl\\\/tribal-wars-2\\\/#website\"},\"primaryImageOfPage\":{\"@id\":\"https:\\\/\\\/www.desercik.pl\\\/tribal-wars-2\\\/budynki-lista\\\/tartak-timber-camp\\\/#primaryimage\"},\"image\":{\"@id\":\"https:\\\/\\\/www.desercik.pl\\\/tribal-wars-2\\\/budynki-lista\\\/tartak-timber-camp\\\/#primaryimage\"},\"thumbnailUrl\":\"https:\\\/\\\/www.desercik.pl\\\/tribal-wars-2\\\/wp-content\\\/uploads\\\/2014\\\/07\\\/Wood.png\",\"datePublished\":\"2014-07-31T21:07:02+00:00\",\"dateModified\":\"2014-07-31T21:07:53+00:00\",\"description\":\"Tartak odpowiada za produkcje drewna w naszych osadach. Im wy\u017cszy jest jego poziom tym wi\u0119cej produkuje drewna na godzin\u0119. Produkcja trwa nawet jak nie jeste\u015bmy zalogowani do gry. Samo drewno u\u017cywane jest do budowy\\\/rozbudowy innych budynk\u00f3w jak i do treningu jednostek i bada\u0144.\",\"breadcrumb\":{\"@id\":\"https:\\\/\\\/www.desercik.pl\\\/tribal-wars-2\\\/budynki-lista\\\/tartak-timber-camp\\\/#breadcrumb\"},\"inLanguage\":\"pl-PL\",\"potentialAction\":[{\"@type\":\"ReadAction\",\"target\":[\"https:\\\/\\\/www.desercik.pl\\\/tribal-wars-2\\\/budynki-lista\\\/tartak-timber-camp\\\/\"]}]},{\"@type\":\"ImageObject\",\"inLanguage\":\"pl-PL\",\"@id\":\"https:\\\/\\\/www.desercik.pl\\\/tribal-wars-2\\\/budynki-lista\\\/tartak-timber-camp\\\/#primaryimage\",\"url\":\"https:\\\/\\\/www.desercik.pl\\\/tribal-wars-2\\\/wp-content\\\/uploads\\\/2014\\\/07\\\/Wood.png\",\"contentUrl\":\"https:\\\/\\\/www.desercik.pl\\\/tribal-wars-2\\\/wp-content\\\/uploads\\\/2014\\\/07\\\/Wood.png\",\"width\":44,\"height\":44},{\"@type\":\"BreadcrumbList\",\"@id\":\"https:\\\/\\\/www.desercik.pl\\\/tribal-wars-2\\\/budynki-lista\\\/tartak-timber-camp\\\/#breadcrumb\",\"itemListElement\":[{\"@type\":\"ListItem\",\"position\":1,\"name\":\"Strona g\u0142\u00f3wna\",\"item\":\"https:\\\/\\\/www.desercik.pl\\\/tribal-wars-2\\\/\"},{\"@type\":\"ListItem\",\"position\":2,\"name\":\"Budynki\",\"item\":\"https:\\\/\\\/www.desercik.pl\\\/tribal-wars-2\\\/budynki-lista\\\/\"},{\"@type\":\"ListItem\",\"position\":3,\"name\":\"Tartak (Timber Camp)\"}]},{\"@type\":\"WebSite\",\"@id\":\"https:\\\/\\\/www.desercik.pl\\\/tribal-wars-2\\\/#website\",\"url\":\"https:\\\/\\\/www.desercik.pl\\\/tribal-wars-2\\\/\",\"name\":\"Plemiona 2\",\"description\":\"\",\"potentialAction\":[{\"@type\":\"SearchAction\",\"target\":{\"@type\":\"EntryPoint\",\"urlTemplate\":\"https:\\\/\\\/www.desercik.pl\\\/tribal-wars-2\\\/?s={search_term_string}\"},\"query-input\":{\"@type\":\"PropertyValueSpecification\",\"valueRequired\":true,\"valueName\":\"search_term_string\"}}],\"inLanguage\":\"pl-PL\"}]}<\/script>\n<!-- \/ Yoast SEO plugin. -->","yoast_head_json":{"title":"Tartak (Timber Camp) - Plemiona 2 - Tribal Wars 2","description":"Tartak odpowiada za produkcje drewna w naszych osadach. Im wy\u017cszy jest jego poziom tym wi\u0119cej produkuje drewna na godzin\u0119. Produkcja trwa nawet jak nie jeste\u015bmy zalogowani do gry. Samo drewno u\u017cywane jest do budowy\/rozbudowy innych budynk\u00f3w jak i do treningu jednostek i bada\u0144.","robots":{"index":"index","follow":"follow","max-snippet":"max-snippet:-1","max-image-preview":"max-image-preview:large","max-video-preview":"max-video-preview:-1"},"canonical":"https:\/\/www.desercik.pl\/tribal-wars-2\/budynki-lista\/tartak-timber-camp\/","og_locale":"pl_PL","og_type":"article","og_title":"Tartak (Timber Camp) - Plemiona 2 - Tribal Wars 2","og_description":"Tartak odpowiada za produkcje drewna w naszych osadach. Im wy\u017cszy jest jego poziom tym wi\u0119cej produkuje drewna na godzin\u0119. Produkcja trwa nawet jak nie jeste\u015bmy zalogowani do gry. Samo drewno u\u017cywane jest do budowy\/rozbudowy innych budynk\u00f3w jak i do treningu jednostek i bada\u0144.","og_url":"https:\/\/www.desercik.pl\/tribal-wars-2\/budynki-lista\/tartak-timber-camp\/","og_site_name":"Plemiona 2","article_modified_time":"2014-07-31T21:07:53+00:00","og_image":[{"url":"https:\/\/www.desercik.pl\/tribal-wars-2\/wp-content\/uploads\/2014\/07\/Wood.png","type":"","width":"","height":""}],"schema":{"@context":"https:\/\/schema.org","@graph":[{"@type":"WebPage","@id":"https:\/\/www.desercik.pl\/tribal-wars-2\/budynki-lista\/tartak-timber-camp\/","url":"https:\/\/www.desercik.pl\/tribal-wars-2\/budynki-lista\/tartak-timber-camp\/","name":"Tartak (Timber Camp) - Plemiona 2 - Tribal Wars 2","isPartOf":{"@id":"https:\/\/www.desercik.pl\/tribal-wars-2\/#website"},"primaryImageOfPage":{"@id":"https:\/\/www.desercik.pl\/tribal-wars-2\/budynki-lista\/tartak-timber-camp\/#primaryimage"},"image":{"@id":"https:\/\/www.desercik.pl\/tribal-wars-2\/budynki-lista\/tartak-timber-camp\/#primaryimage"},"thumbnailUrl":"https:\/\/www.desercik.pl\/tribal-wars-2\/wp-content\/uploads\/2014\/07\/Wood.png","datePublished":"2014-07-31T21:07:02+00:00","dateModified":"2014-07-31T21:07:53+00:00","description":"Tartak odpowiada za produkcje drewna w naszych osadach. Im wy\u017cszy jest jego poziom tym wi\u0119cej produkuje drewna na godzin\u0119. Produkcja trwa nawet jak nie jeste\u015bmy zalogowani do gry. Samo drewno u\u017cywane jest do budowy\/rozbudowy innych budynk\u00f3w jak i do treningu jednostek i bada\u0144.","breadcrumb":{"@id":"https:\/\/www.desercik.pl\/tribal-wars-2\/budynki-lista\/tartak-timber-camp\/#breadcrumb"},"inLanguage":"pl-PL","potentialAction":[{"@type":"ReadAction","target":["https:\/\/www.desercik.pl\/tribal-wars-2\/budynki-lista\/tartak-timber-camp\/"]}]},{"@type":"ImageObject","inLanguage":"pl-PL","@id":"https:\/\/www.desercik.pl\/tribal-wars-2\/budynki-lista\/tartak-timber-camp\/#primaryimage","url":"https:\/\/www.desercik.pl\/tribal-wars-2\/wp-content\/uploads\/2014\/07\/Wood.png","contentUrl":"https:\/\/www.desercik.pl\/tribal-wars-2\/wp-content\/uploads\/2014\/07\/Wood.png","width":44,"height":44},{"@type":"BreadcrumbList","@id":"https:\/\/www.desercik.pl\/tribal-wars-2\/budynki-lista\/tartak-timber-camp\/#breadcrumb","itemListElement":[{"@type":"ListItem","position":1,"name":"Strona g\u0142\u00f3wna","item":"https:\/\/www.desercik.pl\/tribal-wars-2\/"},{"@type":"ListItem","position":2,"name":"Budynki","item":"https:\/\/www.desercik.pl\/tribal-wars-2\/budynki-lista\/"},{"@type":"ListItem","position":3,"name":"Tartak (Timber Camp)"}]},{"@type":"WebSite","@id":"https:\/\/www.desercik.pl\/tribal-wars-2\/#website","url":"https:\/\/www.desercik.pl\/tribal-wars-2\/","name":"Plemiona 2","description":"","potentialAction":[{"@type":"SearchAction","target":{"@type":"EntryPoint","urlTemplate":"https:\/\/www.desercik.pl\/tribal-wars-2\/?s={search_term_string}"},"query-input":{"@type":"PropertyValueSpecification","valueRequired":true,"valueName":"search_term_string"}}],"inLanguage":"pl-PL"}]}},"_links":{"self":[{"href":"https:\/\/www.desercik.pl\/tribal-wars-2\/wp-json\/wp\/v2\/pages\/213","targetHints":{"allow":["GET"]}}],"collection":[{"href":"https:\/\/www.desercik.pl\/tribal-wars-2\/wp-json\/wp\/v2\/pages"}],"about":[{"href":"https:\/\/www.desercik.pl\/tribal-wars-2\/wp-json\/wp\/v2\/types\/page"}],"author":[{"embeddable":true,"href":"https:\/\/www.desercik.pl\/tribal-wars-2\/wp-json\/wp\/v2\/users\/1"}],"replies":[{"embeddable":true,"href":"https:\/\/www.desercik.pl\/tribal-wars-2\/wp-json\/wp\/v2\/comments?post=213"}],"version-history":[{"count":0,"href":"https:\/\/www.desercik.pl\/tribal-wars-2\/wp-json\/wp\/v2\/pages\/213\/revisions"}],"up":[{"embeddable":true,"href":"https:\/\/www.desercik.pl\/tribal-wars-2\/wp-json\/wp\/v2\/pages\/175"}],"wp:attachment":[{"href":"https:\/\/www.desercik.pl\/tribal-wars-2\/wp-json\/wp\/v2\/media?parent=213"}],"curies":[{"name":"wp","href":"https:\/\/api.w.org\/{rel}","templated":true}]}}