{"id":2,"date":"2014-07-31T15:49:16","date_gmt":"2014-07-31T15:49:16","guid":{"rendered":"http:\/\/www.desercik.pl\/tribal-wars-2\/?page_id=2"},"modified":"2014-08-04T23:56:45","modified_gmt":"2014-08-04T21:56:45","slug":"podstawy-gry-poradnik-dla-poczatkujacych","status":"publish","type":"page","link":"https:\/\/www.desercik.pl\/tribal-wars-2\/podstawy-gry-poradnik-dla-poczatkujacych\/","title":{"rendered":"Podstawy gry &#8211; poradnik dla pocz\u0105tkuj\u0105cych"},"content":{"rendered":"<p>Na pocz\u0105tku naszej przygody w <a href=\"http:\/\/www.desercik.pl\/index.php\/2014\/06\/03\/plemiona-2\/\"><strong>Tribal Wars 2 (Plemiona 2)<\/strong><\/a> przywita nas Sir Kjartan Luin, kt\u00f3ry od teraz b\u0119dzie naszym przewodnikiem po ca\u0142ej grze. Pomo\u017ce nam stawia\u0107 pierwsze kroki w budowaniu w\u0142asnego imperium jak i nauczy nas jak zmia\u017cd\u017cy\u0107 g\u0142upc\u00f3w, kt\u00f3rzy stan\u0105 na naszej drodze.<br \/>\nGr\u0119 zaczynamy od jednej wioski, kt\u00f3r\u0105 najpierw musimy rozbudowa\u0107 zaczynaj\u0105c od Kwatery G\u0142\u00f3wnej, kt\u00f3ra tak naprawd\u0119 potrzebna jest nam do dalszego zarz\u0105dzania kr\u00f3lestwem i kt\u00f3ra skraca czas budowy innych struktur.<\/p>\n<p>Ulepszenie Kwatery G\u0142\u00f3wnej jak i innych budynk\u00f3w wymaga surowc\u00f3w, b\u0119d\u0105 nimi Drewno, Glina i \u017belazo \u2013 wszystko jak w przypadku pierwszej cz\u0119\u015bci Plemion.<\/p>\n<h3>Pierwsze logowanie do gry<\/h3>\n<p>Przy pierwszym logowaniu mamy mo\u017cliwo\u015b\u0107 wybrania miejsca na mapie, w kt\u00f3rym chcemy za\u0142o\u017cy\u0107 swoj\u0105 pierwsz\u0105 wiosk\u0119, pokazuje nam si\u0119 ekran jak poni\u017cej. W \u015brodku jak widzicie mamy ikon\u0119 kostki do gry, kt\u00f3ra wskazuje nam mo\u017cliwo\u015b\u0107 losowego (systemowego) dobrania miejsca na pierwsz\u0105 wiosk\u0119.<\/p>\n<p style=\"text-align: center;\"><img loading=\"lazy\" decoding=\"async\" class=\"aligncenter\" title=\"wyb\u00f3r po\u0142o\u017cenia wioski\" src=\"http:\/\/www.desercik.pl\/wp-content\/uploads\/2014\/06\/wyb\u00f3r-po\u0142o\u017cenia-wioski.jpg\" alt=\"wyb\u00f3r po\u0142o\u017cenia wioski\" width=\"657\" height=\"390\" \/><\/p>\n<h3>Surowce w grze<\/h3>\n<p>W grze mamy trzy r\u00f3\u017cne surowce: <strong>Drewno, Glin\u0119 i \u017belazo<\/strong>. Potrzebujemy ich do budowania i rekrutowania nowych jednostek. Na pocz\u0105tku gry najbardziej przydaje si\u0119 Drewno, mamy go chyba najwi\u0119cej jak i sam przych\u00f3d z <strong>Tartaku<\/strong> daje tego surowca zawsze najwi\u0119cej, a im bardziej ulepszymy Tartak tym szybciej zdobywamy nowe Drewno do budowy. Glona u\u017cywana jest g\u0142\u00f3wnie w budowie i b\u0119dziemy jej potrzebowali naprawd\u0119 sporo je\u015bli chcemy rozwija\u0107 swoje wioski. Aby zwi\u0119kszy\u0107 produkcj\u0119 Gliny trzeba systematycznie rozbudowywa\u0107 <strong>Cegielni\u0119 (Clay Pit)<\/strong>. \u017belazo r\u00f3wnie\u017c jest istotne, ale dopiero w dalszym etapie rozgrywki, g\u0142\u00f3wnie u\u017cywamy go do rekrutacji jednostek i je\u015bli chcemy zbudowa\u0107 du\u017c\u0105 armi\u0119 to b\u0119dziemy go potrzebowa\u0107 w naprawd\u0119 du\u017cych ilo\u015bciach. Ulepszaj\u0105c <strong>Kopalni\u0119 Metalu<\/strong> zwi\u0119kszamy przyrost \u017belaza na naszych kontach.<\/p>\n<p>Jednak nie wolno nam zapomina\u0107 o tym, \u017ce mieszka\u0144cy naszego miasta jak i wojsko, musz\u0105 co\u015b je\u015b\u0107. Tym samym przyda si\u0119 nam <strong>prowiant<\/strong>, kt\u00f3ry zdobywamy ze zbudowanych <strong>Farm<\/strong>.<\/p>\n<p>Polecam tak\u017ce zagl\u0105da\u0107 do <strong><a name=\"inwentarz\"><\/a>Inwentarza (Inventory)<\/strong>, znajdziemy go w zak\u0142adce <strong>Sklepu (Shop)<\/strong> na dole ekranu gry. Przedmioty, zwoje i inne rzeczy, kt\u00f3re g\u0142\u00f3wnie zdobywamy w grze znajdziemy w\u0142a\u015bnie w Inwentarzu i wi\u0119kszo\u015b\u0107 z nich mo\u017cna u\u017cy\u0107 bezpo\u015brednio z jego okna i zaczn\u0105 oddzia\u0142ywa\u0107 na obecn\u0105 wiosk\u0119.<\/p>\n<p>Drewno, Glin\u0119 i \u017belazo trzymamy w <strong>Magazynie (Warehouse)<\/strong>. Jednak ma on <strong>ograniczon\u0105 pojemno\u015b\u0107<\/strong> i podczas napadu na nasz\u0105 wiosk\u0119 tracimy wszystkie surowce, kt\u00f3re nie mieszcz\u0105 si\u0119 w magazynie. Ulepszaj\u0105c go zwi\u0119kszamy jego pojemno\u015b\u0107, a tak\u017ce zmniejszamy ilo\u015b\u0107 surowc\u00f3w<strong> jakie mo\u017ce skra\u015b\u0107 nasz oponent<\/strong>.<\/p>\n<p>Dla wielu budynk\u00f3w mo\u017cemy <span style=\"color: #008000;\"><strong>odblokowa\u0107 specjalne technologie<\/strong><\/span>. Jednak\u017ce potrzebujemy wiele z nich rozbudowa\u0107 na konkretny poziom, aby sta\u0142a si\u0119 ona dost\u0119pna. Cho\u0107 z drugiej strony nie musimy czeka\u0107 i mo\u017cna u\u017cy\u0107 do przy\u015bpieszenia ca\u0142ego procesu waluty premium <strong>Korony (Crowns)<\/strong>. Pierwszym badaniem w grze jest Attic, kt\u00f3re przeprowadzamy w Magazynie.<\/p>\n<p>Ilo\u015b\u0107 surowc\u00f3w jakie posiadamy aktualnie w naszych miasta podejrzymy na g\u00f3rnym pasku z prawej strony ekranu gry:<\/p>\n<h3><img loading=\"lazy\" decoding=\"async\" class=\"aligncenter\" title=\"pasek surowc\u00f3w\" src=\"http:\/\/www.desercik.pl\/wp-content\/uploads\/2014\/06\/pasek-surowc\u00f3w.jpg\" alt=\"pasek surowc\u00f3w\" width=\"540\" height=\"49\" \/><br \/>\nOznaczenia wiosek na mapie<\/h3>\n<p><img loading=\"lazy\" decoding=\"async\" class=\"aligncenter\" title=\"oznaczenia wiosek na mapie\" src=\"http:\/\/www.desercik.pl\/wp-content\/uploads\/2014\/06\/oznaczenia-wiosek-na-mapie.png\" alt=\"oznaczenia wiosek na mapie\" width=\"389\" height=\"197\" \/><\/p>\n<p>W informacjach o wiosce dowiadujemy si\u0119 kilku ciekawych rzeczy. Je\u015bli spogl\u0105damy na wiosk\u0119 innego gracza to widzimy jego nick wraz z po\u0142o\u017ceniem na mapie. Tutaj dla przyk\u0142adu pokazuje swoj\u0105 wioch\u0119. R\u00f3wnie\u017c mamy dost\u0119pne w podgl\u0105dzie nazw\u0119 wioski, plemi\u0119 do kt\u00f3rego przynale\u017cy grze czy nazw\u0119 prowincji. W drugiej kolumnie mamy punkty danej wioski, ca\u0142kowit\u0105 ilo\u015b\u0107 punkt\u00f3w gracza i punkty plemienia (je\u015bli gracz do jakiego\u015b do\u0142\u0105czy\u0142).<\/p>\n<p style=\"text-align: center;\"><img loading=\"lazy\" decoding=\"async\" class=\"aligncenter\" title=\"widok wioski na mapie\" src=\"http:\/\/www.desercik.pl\/wp-content\/uploads\/2014\/06\/widok-wioski-na-mapie.jpg\" alt=\"widok wioski na mapie\" width=\"502\" height=\"279\" \/><\/p>\n<p>Ciekawie jest r\u00f3wnie\u017c pokazane ka\u017cda akcje. Tu w <span style=\"color: #008000;\"><strong>zadaniu z samouczka<\/strong> <\/span>musia\u0142em atakowa\u0107 <span style=\"color: #008000;\"><strong>wiosk\u0119 barbarzy\u0144c\u00f3w<\/strong><\/span>, dost\u0119pna by\u0142a jedynie akcja Atak, gdy\u017c tawerny nie mam, wi\u0119c szpiegostwo i inne akcje nie s\u0105 dozwolone.<\/p>\n<p style=\"text-align: center;\"><img loading=\"lazy\" decoding=\"async\" class=\"aligncenter\" title=\"wysy\u0142anie wojsk do wioski przeciwnika\" src=\"http:\/\/www.desercik.pl\/wp-content\/uploads\/2014\/06\/wysy\u0142anie-wojsk-do-wioski-przeciwnika.jpg\" alt=\"wysy\u0142anie wojsk do wioski przeciwnika\" width=\"652\" height=\"347\" \/><\/p>\n<p>Dalej ukazuje si\u0119 nam okno,<strong> w kt\u00f3rym <span style=\"color: #008000;\">zarz\u0105dzamy armi\u0105 wysy\u0142an\u0105<\/span><\/strong> na wybran\u0105 misj\u0119. Tutaj jak wspomnia\u0142em wy\u017cej wysy\u0142amy <strong>wojska do ataku<\/strong>. Ale guzik obok podpowiada, \u017ce z tego poziomu b\u0119dzie mo\u017cliwe wysy\u0142anie tak\u017ce wsparcia dla wiosek swoich czy sojusznik\u00f3w. Na ekranie mamy podstawowe informacje o wiosce, z kt\u00f3rej wysy\u0142amy wojska jak i wiosce kt\u00f3ra jest celem. Ni\u017cej widzimy to ile b\u0119dzie trwa\u0142 atak (doj\u015bcie i powr\u00f3t wojsk) jak i nasze szanse na zwyci\u0119stwo i pojemno\u015b\u0107 armii \u2013 czyli ile surowc\u00f3w mo\u017ce nam ona przynie\u015b\u0107 z atakowanej wioski \u2013 jednak je\u015bli zgin\u0105 nam jacy\u015b \u017co\u0142nierze to pojemno\u015b\u0107 si\u0119 zmniejszy, wi\u0119c traktowa\u0142bym to jako dane pogl\u0105dow\u0105. Na ko\u0144cu widzimy maksymaln\u0105 pr\u0119dko\u015b\u0107 armii ustalan\u0105 przez minimaln\u0105 pr\u0119dko\u015b\u0107 najwolniejsze z jednostek.<\/p>\n<p style=\"text-align: center;\"><img loading=\"lazy\" decoding=\"async\" class=\"aligncenter\" title=\"Okno wysy\u0142ki wojsk\" src=\"http:\/\/www.desercik.pl\/wp-content\/uploads\/2014\/06\/Okno-wysy\u0142ki-wojsk.jpg\" alt=\"Okno wysy\u0142ki wojsk\" width=\"653\" height=\"353\" \/><\/p>\n<p>Wybieramy nast\u0119pnie ile jednostek chcemy wys\u0142a\u0107 i do ataku.<\/p>\n<p>Po ataku z samouczka nie tracimy tak naprawd\u0119 nic, co pokazuje poni\u017cszy raport. Do\u0142\u0105czam go, aby\u015bcie mogli zobaczy\u0107 jak b\u0119dzie on wygl\u0105da\u0142 mniej wi\u0119cej. Na raporcie kolorem zielonym oznaczony jest zwyci\u0119zca, a czerwonym przegrany. Widzimy jakie atakuj\u0105cy mia\u0142 bonusy do ataku, a obro\u0144ca do obrony (<strong>Attack\/Defence Modifier<\/strong>).<\/p>\n<p style=\"text-align: center;\"><img loading=\"lazy\" decoding=\"async\" class=\"aligncenter\" title=\"pelny raport walki plemiona2\" src=\"http:\/\/www.desercik.pl\/wp-content\/uploads\/2014\/06\/pelnyraportwalkiplemiona2.png\" alt=\"pelny raport walki plemiona2\" width=\"506\" height=\"595\" \/><\/p>\n<p>Ni\u017cej mamy ilo\u015b\u0107 skradzionych surowc\u00f3w i wyniki bitwy liczone w stratach jednostek po obu stronach.<\/p>\n<h3><a name=\"spis_budynkow\"><\/a>Lista budynk\u00f3w grze<\/h3>\n<p><strong> Kwatera G\u0142\u00f3wna (Headquarters)<\/strong> pozwala nam na przegl\u0105d swojego kr\u00f3lestwa i na wydawanie rozkaz\u00f3w dla budowniczych jak i wykonywanie zada\u0144 i rozkaz\u00f3w, czy te\u017c na przegl\u0105danie aktualny prac w ca\u0142ym imperium. Kolejne poziomy Kwatery G\u0142\u00f3wnej zmniejszaj\u0105 czas budowy innych budynk\u00f3w.<\/p>\n<p><strong>Tartak (Timber Camp)<\/strong> \u2013 odpowiada za produkcje drewna. Zwi\u0119kszaj\u0105c jego poziom zwi\u0119kszamy jego produkcj\u0119 godzinn\u0105.<br \/>\nCegielnia (Clay Pit) \u2013 odpowiada za wydobywanie gliny im wi\u0119kszy poziom tego budynku tym wi\u0119cej gliny wydobywamy na godzin\u0119.<\/p>\n<p><strong>Kopalnia \u017celaza (Irom Mine)<\/strong> \u2013 odpowiada za wydobywanie \u017celaza im wi\u0119kszy poziom tego budynku tym wi\u0119cej \u017celaza wydobywamy na godzin\u0119.<\/p>\n<p><strong>Farma<\/strong> \u2013 budynek odpowiada za produkcj\u0119 \u017cywno\u015bci\/prowiantu. Prowiant potrzebny jest, aby m\u00f3c wy\u017cywi\u0107 armi\u0119 jak i wymagany jest przy budowie niekt\u00f3rych budynk\u00f3w. Im jest jego wy\u017cszy poziom tym wi\u0119cej \u017cywno\u015bci mo\u017cemy trzyma\u0107 w wiosce.<\/p>\n<p><strong>Akademia (Academy)<\/strong> \u2013 pozwala nam na <span style=\"color: #008000;\"><strong>wybijanie z\u0142otych monet<\/strong><\/span> i <span style=\"color: #008000;\"><strong>rekrutacje Szlachcica<\/strong><\/span> (Noblemen). Szlachcic za\u015b pozwoli podbija\u0107 nam kolejne wioski. Budynek do pierwszej konstrukcji wymaga 20 poziomu Kwatery G\u0142\u00f3wnej.<\/p>\n<p><strong>Hall of Orders<\/strong> \u2013 znajdziemy w nim specjalne ordery. Budynek pozwala je udoskonala\u0107. <em>Theves&#8217; Guild (Gildia Z\u0142odziei)<\/em> \u2013 wp\u0142ywa na koszt wybijania monet. <em>Templariusze (Templar Khnights)<\/em> \u2013 wp\u0142ywa na koszt piechoty. <em>Teutonowie (Teutonic Knight)<\/em> \u2013 wp\u0142ywa na koszt kawalerii. Budynek wymaga posiadania 25 poziomu Kwatery G\u0142\u00f3wnej.<\/p>\n<p><strong>Tawerna (Tavern)<\/strong> \u2013 budynek<span style=\"color: #008000;\"><strong> umo\u017cliwia wywiad i kontrwywiad<\/strong><\/span>. Wymaga on posiadania co najmniej \u00f3smego poziomu Kwatery G\u0142\u00f3wnej.<\/p>\n<p><strong>Rynek (Market)<\/strong> \u2013 budynek umo\u017cliwia handel. Jego wy\u017csze poziomy <span style=\"color: #008000;\"><strong>zwi\u0119kszaj\u0105 ilo\u015b\u0107 handlarzy<\/strong><\/span>, a co za tym idzie mo\u017cemy handlowa\u0107 szybciej, wi\u0119ksz\u0105 ilo\u015bci\u0105 surowc\u00f3w czy z wi\u0119ksz\u0105 ilo\u015bci\u0105 graczy. R\u00f3wnie\u017c jego wy\u017csze poziomy <span style=\"color: #008000;\"><strong>zwi\u0119kszaj\u0105 pojemno\u015b\u0107 surowc\u00f3w<\/strong><\/span> jakie mo\u017ce przenie\u015b\u0107 jednorazowo handlarz. Do budowy wymagany jest sz\u00f3sty poziom kwatery g\u0142\u00f3wnej.<\/p>\n<p><strong>Magazyn (Warehouse)<\/strong> \u2013 budynek zwi\u0119ksza ilo\u015b\u0107 surowc\u00f3w jakie mo\u017cna trzyma\u0107 w mie\u015bcie (drewno, glona i \u017celazo).<\/p>\n<p><strong>Szpital (Hospital)<\/strong> \u2013 pozwala nam <span style=\"color: #008000;\"><strong>wskrzesza\u0107 jednostki<\/strong><\/span>, kt\u00f3re zgin\u0119\u0142y w walce. Im wi\u0119kszy jego poziom tym wi\u0119cej jednostek mo\u017ce zosta\u0107 przywr\u00f3conych do \u017cycia. Do budowy wymaga co najmniej 3-go poziomu kwatery g\u0142\u00f3wnej.<\/p>\n<p><strong>Statua (Statue)<\/strong> \u2013 budynek jest wymagany o ile chcemy szkoli\u0107 Paladyn\u00f3w.<\/p>\n<p><strong>Mur (Wall)<\/strong> \u2013 budynek <strong>chroni<\/strong> nasz\u0105 wiosk\u0119 dodaj\u0105c do niej<span style=\"color: #008000;\"><strong> bonus do obrony<\/strong><\/span>. Jego rozbudowa zwi\u0119ksza \u00f3w bonus. Do budowy muru wymagana jest kwatera g\u0142\u00f3wna na poziomie 3-cim.<\/p>\n<p><strong>Baraki (Barracks)<\/strong> \u2013 budynek pozwala nam rekrutowa\u0107 jednostki do armii. Jego wy\u017cszy poziom <span style=\"color: #008000;\"><strong>zmniejsza<\/strong><\/span> r\u00f3wnie\u017c <span style=\"color: #008000;\"><strong>czas<\/strong> <\/span>ich <span style=\"color: #008000;\"><strong>treningu<\/strong><\/span>.<\/p>\n<p><strong>Miejsce Zbi\u00f3rki (Rally Point)<\/strong> pozwala na zapisywanie konkretnych ustawie\u0144 naszej armii, kt\u00f3re s\u0105 pami\u0119tane r\u00f3wnie\u017c w innych wioskach.<\/p>\n","protected":false},"excerpt":{"rendered":"<p>Na pocz\u0105tku naszej przygody w Tribal Wars 2 (Plemiona 2) przywita nas Sir Kjartan Luin, kt\u00f3ry od teraz b\u0119dzie naszym przewodnikiem po ca\u0142ej grze. Pomo\u017ce nam stawia\u0107 pierwsze kroki w budowaniu w\u0142asnego imperium jak i nauczy nas jak zmia\u017cd\u017cy\u0107 g\u0142upc\u00f3w,&hellip; <a href=\"https:\/\/www.desercik.pl\/tribal-wars-2\/podstawy-gry-poradnik-dla-poczatkujacych\/\" class=\"more-link\">Continue Reading <span class=\"meta-nav\">&rarr;<\/span><\/a><\/p>\n","protected":false},"author":1,"featured_media":0,"parent":0,"menu_order":0,"comment_status":"open","ping_status":"open","template":"","meta":{"footnotes":""},"class_list":["post-2","page","type-page","status-publish","hentry"],"yoast_head":"<!-- This site is optimized with the Yoast SEO plugin v27.3 - https:\/\/yoast.com\/product\/yoast-seo-wordpress\/ -->\n<title>Podstawy gry - poradnik dla pocz\u0105tkuj\u0105cych - Plemiona 2 - Tribal Wars 2<\/title>\n<meta name=\"robots\" content=\"index, follow, max-snippet:-1, max-image-preview:large, max-video-preview:-1\" \/>\n<link rel=\"canonical\" href=\"https:\/\/www.desercik.pl\/tribal-wars-2\/podstawy-gry-poradnik-dla-poczatkujacych\/\" \/>\n<meta property=\"og:locale\" content=\"pl_PL\" \/>\n<meta property=\"og:type\" content=\"article\" \/>\n<meta property=\"og:title\" content=\"Podstawy gry - poradnik dla pocz\u0105tkuj\u0105cych - Plemiona 2 - Tribal Wars 2\" \/>\n<meta property=\"og:description\" content=\"Na pocz\u0105tku naszej przygody w Tribal Wars 2 (Plemiona 2) przywita nas Sir Kjartan Luin, kt\u00f3ry od teraz b\u0119dzie naszym przewodnikiem po ca\u0142ej grze. Pomo\u017ce nam stawia\u0107 pierwsze kroki w budowaniu w\u0142asnego imperium jak i nauczy nas jak zmia\u017cd\u017cy\u0107 g\u0142upc\u00f3w,&hellip; Continue Reading &rarr;\" \/>\n<meta property=\"og:url\" content=\"https:\/\/www.desercik.pl\/tribal-wars-2\/podstawy-gry-poradnik-dla-poczatkujacych\/\" \/>\n<meta property=\"og:site_name\" content=\"Plemiona 2\" \/>\n<meta property=\"article:modified_time\" content=\"2014-08-04T21:56:45+00:00\" \/>\n<meta property=\"og:image\" content=\"http:\/\/www.desercik.pl\/wp-content\/uploads\/2014\/06\/oznaczenia-wiosek-na-mapie.png\" \/>\n<meta name=\"twitter:label1\" content=\"Szacowany czas czytania\" \/>\n\t<meta name=\"twitter:data1\" content=\"7 minut\" \/>\n<script type=\"application\/ld+json\" class=\"yoast-schema-graph\">{\"@context\":\"https:\\\/\\\/schema.org\",\"@graph\":[{\"@type\":\"WebPage\",\"@id\":\"https:\\\/\\\/www.desercik.pl\\\/tribal-wars-2\\\/podstawy-gry-poradnik-dla-poczatkujacych\\\/\",\"url\":\"https:\\\/\\\/www.desercik.pl\\\/tribal-wars-2\\\/podstawy-gry-poradnik-dla-poczatkujacych\\\/\",\"name\":\"Podstawy gry - poradnik dla pocz\u0105tkuj\u0105cych - Plemiona 2 - Tribal Wars 2\",\"isPartOf\":{\"@id\":\"https:\\\/\\\/www.desercik.pl\\\/tribal-wars-2\\\/#website\"},\"primaryImageOfPage\":{\"@id\":\"https:\\\/\\\/www.desercik.pl\\\/tribal-wars-2\\\/podstawy-gry-poradnik-dla-poczatkujacych\\\/#primaryimage\"},\"image\":{\"@id\":\"https:\\\/\\\/www.desercik.pl\\\/tribal-wars-2\\\/podstawy-gry-poradnik-dla-poczatkujacych\\\/#primaryimage\"},\"thumbnailUrl\":\"http:\\\/\\\/www.desercik.pl\\\/wp-content\\\/uploads\\\/2014\\\/06\\\/oznaczenia-wiosek-na-mapie.png\",\"datePublished\":\"2014-07-31T15:49:16+00:00\",\"dateModified\":\"2014-08-04T21:56:45+00:00\",\"breadcrumb\":{\"@id\":\"https:\\\/\\\/www.desercik.pl\\\/tribal-wars-2\\\/podstawy-gry-poradnik-dla-poczatkujacych\\\/#breadcrumb\"},\"inLanguage\":\"pl-PL\",\"potentialAction\":[{\"@type\":\"ReadAction\",\"target\":[\"https:\\\/\\\/www.desercik.pl\\\/tribal-wars-2\\\/podstawy-gry-poradnik-dla-poczatkujacych\\\/\"]}]},{\"@type\":\"ImageObject\",\"inLanguage\":\"pl-PL\",\"@id\":\"https:\\\/\\\/www.desercik.pl\\\/tribal-wars-2\\\/podstawy-gry-poradnik-dla-poczatkujacych\\\/#primaryimage\",\"url\":\"http:\\\/\\\/www.desercik.pl\\\/wp-content\\\/uploads\\\/2014\\\/06\\\/oznaczenia-wiosek-na-mapie.png\",\"contentUrl\":\"http:\\\/\\\/www.desercik.pl\\\/wp-content\\\/uploads\\\/2014\\\/06\\\/oznaczenia-wiosek-na-mapie.png\"},{\"@type\":\"BreadcrumbList\",\"@id\":\"https:\\\/\\\/www.desercik.pl\\\/tribal-wars-2\\\/podstawy-gry-poradnik-dla-poczatkujacych\\\/#breadcrumb\",\"itemListElement\":[{\"@type\":\"ListItem\",\"position\":1,\"name\":\"Strona g\u0142\u00f3wna\",\"item\":\"https:\\\/\\\/www.desercik.pl\\\/tribal-wars-2\\\/\"},{\"@type\":\"ListItem\",\"position\":2,\"name\":\"Podstawy gry &#8211; poradnik dla pocz\u0105tkuj\u0105cych\"}]},{\"@type\":\"WebSite\",\"@id\":\"https:\\\/\\\/www.desercik.pl\\\/tribal-wars-2\\\/#website\",\"url\":\"https:\\\/\\\/www.desercik.pl\\\/tribal-wars-2\\\/\",\"name\":\"Plemiona 2\",\"description\":\"\",\"potentialAction\":[{\"@type\":\"SearchAction\",\"target\":{\"@type\":\"EntryPoint\",\"urlTemplate\":\"https:\\\/\\\/www.desercik.pl\\\/tribal-wars-2\\\/?s={search_term_string}\"},\"query-input\":{\"@type\":\"PropertyValueSpecification\",\"valueRequired\":true,\"valueName\":\"search_term_string\"}}],\"inLanguage\":\"pl-PL\"}]}<\/script>\n<!-- \/ Yoast SEO plugin. -->","yoast_head_json":{"title":"Podstawy gry - poradnik dla pocz\u0105tkuj\u0105cych - Plemiona 2 - Tribal Wars 2","robots":{"index":"index","follow":"follow","max-snippet":"max-snippet:-1","max-image-preview":"max-image-preview:large","max-video-preview":"max-video-preview:-1"},"canonical":"https:\/\/www.desercik.pl\/tribal-wars-2\/podstawy-gry-poradnik-dla-poczatkujacych\/","og_locale":"pl_PL","og_type":"article","og_title":"Podstawy gry - poradnik dla pocz\u0105tkuj\u0105cych - Plemiona 2 - Tribal Wars 2","og_description":"Na pocz\u0105tku naszej przygody w Tribal Wars 2 (Plemiona 2) przywita nas Sir Kjartan Luin, kt\u00f3ry od teraz b\u0119dzie naszym przewodnikiem po ca\u0142ej grze. Pomo\u017ce nam stawia\u0107 pierwsze kroki w budowaniu w\u0142asnego imperium jak i nauczy nas jak zmia\u017cd\u017cy\u0107 g\u0142upc\u00f3w,&hellip; Continue Reading &rarr;","og_url":"https:\/\/www.desercik.pl\/tribal-wars-2\/podstawy-gry-poradnik-dla-poczatkujacych\/","og_site_name":"Plemiona 2","article_modified_time":"2014-08-04T21:56:45+00:00","og_image":[{"url":"http:\/\/www.desercik.pl\/wp-content\/uploads\/2014\/06\/oznaczenia-wiosek-na-mapie.png","type":"","width":"","height":""}],"twitter_misc":{"Szacowany czas czytania":"7 minut"},"schema":{"@context":"https:\/\/schema.org","@graph":[{"@type":"WebPage","@id":"https:\/\/www.desercik.pl\/tribal-wars-2\/podstawy-gry-poradnik-dla-poczatkujacych\/","url":"https:\/\/www.desercik.pl\/tribal-wars-2\/podstawy-gry-poradnik-dla-poczatkujacych\/","name":"Podstawy gry - poradnik dla pocz\u0105tkuj\u0105cych - Plemiona 2 - Tribal Wars 2","isPartOf":{"@id":"https:\/\/www.desercik.pl\/tribal-wars-2\/#website"},"primaryImageOfPage":{"@id":"https:\/\/www.desercik.pl\/tribal-wars-2\/podstawy-gry-poradnik-dla-poczatkujacych\/#primaryimage"},"image":{"@id":"https:\/\/www.desercik.pl\/tribal-wars-2\/podstawy-gry-poradnik-dla-poczatkujacych\/#primaryimage"},"thumbnailUrl":"http:\/\/www.desercik.pl\/wp-content\/uploads\/2014\/06\/oznaczenia-wiosek-na-mapie.png","datePublished":"2014-07-31T15:49:16+00:00","dateModified":"2014-08-04T21:56:45+00:00","breadcrumb":{"@id":"https:\/\/www.desercik.pl\/tribal-wars-2\/podstawy-gry-poradnik-dla-poczatkujacych\/#breadcrumb"},"inLanguage":"pl-PL","potentialAction":[{"@type":"ReadAction","target":["https:\/\/www.desercik.pl\/tribal-wars-2\/podstawy-gry-poradnik-dla-poczatkujacych\/"]}]},{"@type":"ImageObject","inLanguage":"pl-PL","@id":"https:\/\/www.desercik.pl\/tribal-wars-2\/podstawy-gry-poradnik-dla-poczatkujacych\/#primaryimage","url":"http:\/\/www.desercik.pl\/wp-content\/uploads\/2014\/06\/oznaczenia-wiosek-na-mapie.png","contentUrl":"http:\/\/www.desercik.pl\/wp-content\/uploads\/2014\/06\/oznaczenia-wiosek-na-mapie.png"},{"@type":"BreadcrumbList","@id":"https:\/\/www.desercik.pl\/tribal-wars-2\/podstawy-gry-poradnik-dla-poczatkujacych\/#breadcrumb","itemListElement":[{"@type":"ListItem","position":1,"name":"Strona g\u0142\u00f3wna","item":"https:\/\/www.desercik.pl\/tribal-wars-2\/"},{"@type":"ListItem","position":2,"name":"Podstawy gry &#8211; poradnik dla pocz\u0105tkuj\u0105cych"}]},{"@type":"WebSite","@id":"https:\/\/www.desercik.pl\/tribal-wars-2\/#website","url":"https:\/\/www.desercik.pl\/tribal-wars-2\/","name":"Plemiona 2","description":"","potentialAction":[{"@type":"SearchAction","target":{"@type":"EntryPoint","urlTemplate":"https:\/\/www.desercik.pl\/tribal-wars-2\/?s={search_term_string}"},"query-input":{"@type":"PropertyValueSpecification","valueRequired":true,"valueName":"search_term_string"}}],"inLanguage":"pl-PL"}]}},"_links":{"self":[{"href":"https:\/\/www.desercik.pl\/tribal-wars-2\/wp-json\/wp\/v2\/pages\/2","targetHints":{"allow":["GET"]}}],"collection":[{"href":"https:\/\/www.desercik.pl\/tribal-wars-2\/wp-json\/wp\/v2\/pages"}],"about":[{"href":"https:\/\/www.desercik.pl\/tribal-wars-2\/wp-json\/wp\/v2\/types\/page"}],"author":[{"embeddable":true,"href":"https:\/\/www.desercik.pl\/tribal-wars-2\/wp-json\/wp\/v2\/users\/1"}],"replies":[{"embeddable":true,"href":"https:\/\/www.desercik.pl\/tribal-wars-2\/wp-json\/wp\/v2\/comments?post=2"}],"version-history":[{"count":0,"href":"https:\/\/www.desercik.pl\/tribal-wars-2\/wp-json\/wp\/v2\/pages\/2\/revisions"}],"wp:attachment":[{"href":"https:\/\/www.desercik.pl\/tribal-wars-2\/wp-json\/wp\/v2\/media?parent=2"}],"curies":[{"name":"wp","href":"https:\/\/api.w.org\/{rel}","templated":true}]}}